{"id":630,"date":"2014-06-09T19:00:54","date_gmt":"2014-06-09T17:00:54","guid":{"rendered":"http:\/\/www.joaocostaferreira.com\/?page_id=630"},"modified":"2021-12-09T00:11:51","modified_gmt":"2021-12-08T23:11:51","slug":"imprensa","status":"publish","type":"page","link":"https:\/\/www.joaocostaferreira.com\/?page_id=630","title":{"rendered":"Imprensa"},"content":{"rendered":"<p><\/p>\n<ul>\n<li><a href=\"https:\/\/www.joaocostaferreira.com\/?page_id=2\">Jornais<\/a><\/li>\n<li><a href=\"https:\/\/www.joaocostaferreira.com\/?page_id=1144\">R\u00e1dio<\/a><\/li>\n<li><a href=\"https:\/\/www.joaocostaferreira.com\/?page_id=625\">Televis\u00e3o<\/a><\/li>\n<li><a href=\"https:\/\/www.joaocostaferreira.com\/?page_id=637\">Artigos de opini\u00e3o<\/a><\/li>\n<\/ul>\n<p><\/p>\n<!-- AddThis Advanced Settings generic via filter on the_content --><!-- AddThis Share Buttons generic via filter on the_content -->","protected":false},"excerpt":{"rendered":"<p>Jornais R\u00e1dio Televis\u00e3o Artigos de opini\u00e3o<!-- AddThis Advanced Settings generic via filter on get_the_excerpt --><!-- AddThis Share Buttons generic via filter on get_the_excerpt --><\/p>\n","protected":false},"author":1,"featured_media":0,"parent":0,"menu_order":3,"comment_status":"closed","ping_status":"open","template":"","meta":{"footnotes":""},"class_list":["post-630","page","type-page","status-publish","hentry"],"jetpack_sharing_enabled":true,"_links":{"self":[{"href":"https:\/\/www.joaocostaferreira.com\/index.php?rest_route=\/wp\/v2\/pages\/630","targetHints":{"allow":["GET"]}}],"collection":[{"href":"https:\/\/www.joaocostaferreira.com\/index.php?rest_route=\/wp\/v2\/pages"}],"about":[{"href":"https:\/\/www.joaocostaferreira.com\/index.php?rest_route=\/wp\/v2\/types\/page"}],"author":[{"embeddable":true,"href":"https:\/\/www.joaocostaferreira.com\/index.php?rest_route=\/wp\/v2\/users\/1"}],"replies":[{"embeddable":true,"href":"https:\/\/www.joaocostaferreira.com\/index.php?rest_route=%2Fwp%2Fv2%2Fcomments&post=630"}],"version-history":[{"count":9,"href":"https:\/\/www.joaocostaferreira.com\/index.php?rest_route=\/wp\/v2\/pages\/630\/revisions"}],"predecessor-version":[{"id":3082,"href":"https:\/\/www.joaocostaferreira.com\/index.php?rest_route=\/wp\/v2\/pages\/630\/revisions\/3082"}],"wp:attachment":[{"href":"https:\/\/www.joaocostaferreira.com\/index.php?rest_route=%2Fwp%2Fv2%2Fmedia&parent=630"}],"curies":[{"name":"wp","href":"https:\/\/api.w.org\/{rel}","templated":true}]}}