{"id":3092,"date":"2021-12-09T00:27:52","date_gmt":"2021-12-08T23:27:52","guid":{"rendered":"https:\/\/www.joaocostaferreira.com\/?page_id=3092"},"modified":"2026-04-24T19:28:10","modified_gmt":"2026-04-24T17:28:10","slug":"recital-em-do-sustenido-menor","status":"publish","type":"page","link":"https:\/\/www.joaocostaferreira.com\/?page_id=3092","title":{"rendered":"Recital em d\u00f3 sustenido menor"},"content":{"rendered":"<p><\/p>\n<p style=\"text-align: justify;\">Sem intervalo, sem aplausos, sem interrup\u00e7\u00f5es, durante uma hora o p\u00fablico \u00e9 levado numa onda crescente de tens\u00e3o dram\u00e1tica atrav\u00e9s das mais belas e virtuosas p\u00e1ginas rom\u00e2nticas de Chopin, Beethoven, Rachmaninoff e Scriabin. Tonalidade tr\u00e1gica por excel\u00eancia, d\u00f3 sustenido menor \u00e9 o fio de Ariadne deste recital ins\u00f3lito.<\/p>\n<p style=\"text-align: center;\"><strong>Recital em d\u00f3 sustenido menor<\/strong><br \/>\n\u201c<em>Uma flor entre dois abismos<\/em>\u201d<\/p>\n<p><img loading=\"lazy\" decoding=\"async\" class=\"aligncenter wp-image-4131\" src=\"https:\/\/joaocostaferreira.com\/wp-content\/uploads\/2022\/05\/Recital_em_do_sustenido_menor-683x1024.jpg\" alt=\"\" width=\"400\" height=\"600\" srcset=\"https:\/\/joaocostaferreira.com\/wp-content\/uploads\/2022\/05\/Recital_em_do_sustenido_menor-683x1024.jpg 683w, https:\/\/joaocostaferreira.com\/wp-content\/uploads\/2022\/05\/Recital_em_do_sustenido_menor-200x300.jpg 200w, https:\/\/joaocostaferreira.com\/wp-content\/uploads\/2022\/05\/Recital_em_do_sustenido_menor-768x1152.jpg 768w, https:\/\/joaocostaferreira.com\/wp-content\/uploads\/2022\/05\/Recital_em_do_sustenido_menor-1024x1536.jpg 1024w, https:\/\/joaocostaferreira.com\/wp-content\/uploads\/2022\/05\/Recital_em_do_sustenido_menor-1365x2048.jpg 1365w, https:\/\/joaocostaferreira.com\/wp-content\/uploads\/2022\/05\/Recital_em_do_sustenido_menor-1320x1980.jpg 1320w, https:\/\/joaocostaferreira.com\/wp-content\/uploads\/2022\/05\/Recital_em_do_sustenido_menor.jpg 1500w\" sizes=\"auto, (max-width: 400px) 100vw, 400px\" \/><\/p>\n<p><strong>Jo\u00e3o Costa Ferreira<\/strong> piano<br \/>\n<strong>Lu\u00eds Nascimento<\/strong> imagem<\/p>\n<p><strong>Programa<\/strong><\/p>\n<p>S. Rachmaninoff &#8211; <em>Prel\u00fadio, op. 3 n.\u00ba 2<\/em><br \/>\nF. Chopin &#8211; <em>Valsa, op. 64 n.\u00ba 2<\/em><br \/>\nA. Scriabin &#8211; <em>Estudo, op. 2 n.\u00ba 1<\/em><br \/>\nF. Chopin &#8211; <em>Nocturno, B. 49<\/em><br \/>\nF. Chopin &#8211; <em>Prel\u00fadio, op. 45<\/em><br \/>\nA. Scriabin &#8211; <em>Estudo, op. 42 n.\u00ba 5<\/em><br \/>\nF. Chopin &#8211; <em>Estudo, op. 25 n.\u00ba 7<\/em><br \/>\nF. Chopin &#8211; <em>Nocturno, op. 27 n.\u00ba 1<\/em><br \/>\nS. Rachmaninoff (arr. A. Richardson) &#8211; <em>Vocalise, op. 34 n.\u00ba 14<\/em><br \/>\nF. Chopin &#8211; <em>Fantaisie-Impromptu, op. 66<\/em><br \/>\nL. van Beethoven &#8211; <em>Sonata quasi una Fantasia, op. 27 n.\u00ba 2<\/em><\/p>\n<hr \/>\n<p><strong>Acerca<\/strong><\/p>\n<p style=\"text-align: justify;\">Embora este projecto tenha sido concebido em torno das mais c\u00e9lebres obras do \u201cgrande repert\u00f3rio\u201d, o recurso a uma \u00fanica tonalidade confere-lhe uma dimens\u00e3o experimental. D\u00f3 sustenido menor suscita um horizonte est\u00e9tico e uma atmosfera psicol\u00f3gica que Liszt, a prop\u00f3sito da <em>Sonata quasi una Fantasia, op. 27 n.\u00ba 2<\/em> de Beethoven, tamb\u00e9m conhecida por \u201cSonata ao Luar\u201d, ter\u00e1 designado de \u201cabismo\u201d. Um abismo que ilustra o fasc\u00ednio dos rom\u00e2nticos pelas profundezas e pelas trevas, que evoca um imagin\u00e1rio onde tormento, mist\u00e9rio e destrui\u00e7\u00e3o se entrela\u00e7am numa viagem vertiginosa.<br \/>\nSeja por raz\u00f5es relacionadas com a afina\u00e7\u00e3o dos instrumentos ou porque se acredita que cada tonalidade possui propriedades expressivas singulares, antes do per\u00edodo rom\u00e2ntico, o n\u00famero de obras compostas em d\u00f3 sustenido menor \u00e9 reduzido. Veja-se a escassez de obras nesta tonalidade nas monumentais produ\u00e7\u00f5es de Haydn, Mozart, Beethoven ou Schubert. \u00c9 por essa raz\u00e3o que o recurso exclusivo \u00e0 tonalidade de d\u00f3 sustenido menor se afigura pertinente neste recital para celebrar o romantismo musical do s\u00e9culo XIX.<br \/>\nA \u201cSonata ao Luar\u201d de Beethoven, uma das primeiras obras em d\u00f3 sustenido menor a entrar para o pante\u00e3o das obras-primas, pode ser vista como o alvorecer de uma nova era. Ponto culminante deste recital, ela representa o horizonte dos compositores vindouros onde se vislumbra a heran\u00e7a de um passado.<\/p>\n<p><\/p>\n<!-- AddThis Advanced Settings generic via filter on the_content --><!-- AddThis Share Buttons generic via filter on the_content -->","protected":false},"excerpt":{"rendered":"<p>Sem intervalo, sem aplausos, sem interrup\u00e7\u00f5es, durante uma hora o p\u00fablico \u00e9 levado numa onda crescente de tens\u00e3o dram\u00e1tica atrav\u00e9s das mais belas e virtuosas p\u00e1ginas rom\u00e2nticas de Chopin, Beethoven, Rachmaninoff e Scriabin. Tonalidade tr\u00e1gica por excel\u00eancia, d\u00f3 sustenido menor &hellip; <a href=\"https:\/\/www.joaocostaferreira.com\/?page_id=3092\">Continuar a ler <span class=\"meta-nav\">&rarr;<\/span><\/a><!-- AddThis Advanced Settings generic via filter on get_the_excerpt --><!-- AddThis Share Buttons generic via filter on get_the_excerpt --><\/p>\n","protected":false},"author":1,"featured_media":0,"parent":3077,"menu_order":0,"comment_status":"closed","ping_status":"closed","template":"","meta":{"footnotes":""},"class_list":["post-3092","page","type-page","status-publish","hentry"],"jetpack_sharing_enabled":true,"_links":{"self":[{"href":"https:\/\/www.joaocostaferreira.com\/index.php?rest_route=\/wp\/v2\/pages\/3092","targetHints":{"allow":["GET"]}}],"collection":[{"href":"https:\/\/www.joaocostaferreira.com\/index.php?rest_route=\/wp\/v2\/pages"}],"about":[{"href":"https:\/\/www.joaocostaferreira.com\/index.php?rest_route=\/wp\/v2\/types\/page"}],"author":[{"embeddable":true,"href":"https:\/\/www.joaocostaferreira.com\/index.php?rest_route=\/wp\/v2\/users\/1"}],"replies":[{"embeddable":true,"href":"https:\/\/www.joaocostaferreira.com\/index.php?rest_route=%2Fwp%2Fv2%2Fcomments&post=3092"}],"version-history":[{"count":26,"href":"https:\/\/www.joaocostaferreira.com\/index.php?rest_route=\/wp\/v2\/pages\/3092\/revisions"}],"predecessor-version":[{"id":9137,"href":"https:\/\/www.joaocostaferreira.com\/index.php?rest_route=\/wp\/v2\/pages\/3092\/revisions\/9137"}],"up":[{"embeddable":true,"href":"https:\/\/www.joaocostaferreira.com\/index.php?rest_route=\/wp\/v2\/pages\/3077"}],"wp:attachment":[{"href":"https:\/\/www.joaocostaferreira.com\/index.php?rest_route=%2Fwp%2Fv2%2Fmedia&parent=3092"}],"curies":[{"name":"wp","href":"https:\/\/api.w.org\/{rel}","templated":true}]}}

Recital em dó sustenido menor

<p></p>
<p style="text-align: justify;">Sem intervalo, sem aplausos, sem interrupções, durante uma hora o público é levado numa onda crescente de tensão dramática através das mais belas e virtuosas páginas românticas de Chopin, Beethoven, Rachmaninoff e Scriabin. Tonalidade trágica por excelência, dó sustenido menor é o fio de Ariadne deste recital insólito.</p>
<p style="text-align: center;"><strong>Recital em dó sustenido menor</strong><br />
“<em>Uma flor entre dois abismos</em>”</p>
<p><img loading="lazy" decoding="async" class="aligncenter wp-image-4131" src="https://joaocostaferreira.com/wp-content/uploads/2022/05/Recital_em_do_sustenido_menor-683x1024.jpg" alt="" width="400" height="600" srcset="https://joaocostaferreira.com/wp-content/uploads/2022/05/Recital_em_do_sustenido_menor-683x1024.jpg 683w, https://joaocostaferreira.com/wp-content/uploads/2022/05/Recital_em_do_sustenido_menor-200x300.jpg 200w, https://joaocostaferreira.com/wp-content/uploads/2022/05/Recital_em_do_sustenido_menor-768x1152.jpg 768w, https://joaocostaferreira.com/wp-content/uploads/2022/05/Recital_em_do_sustenido_menor-1024x1536.jpg 1024w, https://joaocostaferreira.com/wp-content/uploads/2022/05/Recital_em_do_sustenido_menor-1365x2048.jpg 1365w, https://joaocostaferreira.com/wp-content/uploads/2022/05/Recital_em_do_sustenido_menor-1320x1980.jpg 1320w, https://joaocostaferreira.com/wp-content/uploads/2022/05/Recital_em_do_sustenido_menor.jpg 1500w" sizes="auto, (max-width: 400px) 100vw, 400px" /></p>
<p><strong>João Costa Ferreira</strong> piano<br />
<strong>Luís Nascimento</strong> imagem</p>
<p><strong>Programa</strong></p>
<p>S. Rachmaninoff &#8211; <em>Prelúdio, op. 3 n.º 2</em><br />
F. Chopin &#8211; <em>Valsa, op. 64 n.º 2</em><br />
A. Scriabin &#8211; <em>Estudo, op. 2 n.º 1</em><br />
F. Chopin &#8211; <em>Nocturno, B. 49</em><br />
F. Chopin &#8211; <em>Prelúdio, op. 45</em><br />
A. Scriabin &#8211; <em>Estudo, op. 42 n.º 5</em><br />
F. Chopin &#8211; <em>Estudo, op. 25 n.º 7</em><br />
F. Chopin &#8211; <em>Nocturno, op. 27 n.º 1</em><br />
S. Rachmaninoff (arr. A. Richardson) &#8211; <em>Vocalise, op. 34 n.º 14</em><br />
F. Chopin &#8211; <em>Fantaisie-Impromptu, op. 66</em><br />
L. van Beethoven &#8211; <em>Sonata quasi una Fantasia, op. 27 n.º 2</em></p>
<hr />
<p><strong>Acerca</strong></p>
<p style="text-align: justify;">Embora este projecto tenha sido concebido em torno das mais célebres obras do “grande repertório”, o recurso a uma única tonalidade confere-lhe uma dimensão experimental. Dó sustenido menor suscita um horizonte estético e uma atmosfera psicológica que Liszt, a propósito da <em>Sonata quasi una Fantasia, op. 27 n.º 2</em> de Beethoven, também conhecida por “Sonata ao Luar”, terá designado de “abismo”. Um abismo que ilustra o fascínio dos românticos pelas profundezas e pelas trevas, que evoca um imaginário onde tormento, mistério e destruição se entrelaçam numa viagem vertiginosa.<br />
Seja por razões relacionadas com a afinação dos instrumentos ou porque se acredita que cada tonalidade possui propriedades expressivas singulares, antes do período romântico, o número de obras compostas em dó sustenido menor é reduzido. Veja-se a escassez de obras nesta tonalidade nas monumentais produções de Haydn, Mozart, Beethoven ou Schubert. É por essa razão que o recurso exclusivo à tonalidade de dó sustenido menor se afigura pertinente neste recital para celebrar o romantismo musical do século XIX.<br />
A “Sonata ao Luar” de Beethoven, uma das primeiras obras em dó sustenido menor a entrar para o panteão das obras-primas, pode ser vista como o alvorecer de uma nova era. Ponto culminante deste recital, ela representa o horizonte dos compositores vindouros onde se vislumbra a herança de um passado.</p>
<p></p>
<!-- AddThis Advanced Settings generic via filter on the_content --><!-- AddThis Share Buttons generic via filter on the_content -->

<p>Sem intervalo, sem aplausos, sem interrupções, durante uma hora o público é levado numa onda crescente de tensão dramática através das mais belas e virtuosas páginas românticas de Chopin, Beethoven, Rachmaninoff e Scriabin. Tonalidade trágica por excelência, dó sustenido menor &hellip; <a href="https://www.joaocostaferreira.com/?page_id=3092">Continuar a ler <span class="meta-nav">&rarr;</span></a><!-- AddThis Advanced Settings generic via filter on get_the_excerpt --><!-- AddThis Share Buttons generic via filter on get_the_excerpt --></p>
