{"id":3084,"date":"2021-12-09T00:14:58","date_gmt":"2021-12-08T23:14:58","guid":{"rendered":"https:\/\/www.joaocostaferreira.com\/?page_id=3084"},"modified":"2024-01-08T12:35:30","modified_gmt":"2024-01-08T11:35:30","slug":"piano-4-maos","status":"publish","type":"page","link":"https:\/\/www.joaocostaferreira.com\/?page_id=3084","title":{"rendered":"Piano 4 m\u00e3os"},"content":{"rendered":"<p><\/p>\n<p style=\"text-align: justify;\"><img loading=\"lazy\" decoding=\"async\" class=\"alignright size-medium wp-image-2278\" src=\"http:\/\/joaocostaferreira.com\/wp-content\/uploads\/2021\/01\/IMG_4810_BWLowerDefinition-300x198.jpg\" alt=\"\" width=\"300\" height=\"198\" srcset=\"https:\/\/joaocostaferreira.com\/wp-content\/uploads\/2021\/01\/IMG_4810_BWLowerDefinition-300x198.jpg 300w, https:\/\/joaocostaferreira.com\/wp-content\/uploads\/2021\/01\/IMG_4810_BWLowerDefinition-1024x674.jpg 1024w, https:\/\/joaocostaferreira.com\/wp-content\/uploads\/2021\/01\/IMG_4810_BWLowerDefinition-768x506.jpg 768w, https:\/\/joaocostaferreira.com\/wp-content\/uploads\/2021\/01\/IMG_4810_BWLowerDefinition-1536x1011.jpg 1536w, https:\/\/joaocostaferreira.com\/wp-content\/uploads\/2021\/01\/IMG_4810_BWLowerDefinition-456x300.jpg 456w, https:\/\/joaocostaferreira.com\/wp-content\/uploads\/2021\/01\/IMG_4810_BWLowerDefinition-1320x869.jpg 1320w, https:\/\/joaocostaferreira.com\/wp-content\/uploads\/2021\/01\/IMG_4810_BWLowerDefinition.jpg 1800w\" sizes=\"auto, (max-width: 300px) 100vw, 300px\" \/>Desde o ano de 2016, Jo\u00e3o Costa Ferreira tem trabalhado com o pianista franc\u00eas Bruno Belthoise na interpreta\u00e7\u00e3o e cria\u00e7\u00e3o de repert\u00f3rio para piano a quatro m\u00e3os, levando-o \u00e0s salas de espect\u00e1culo de Portugal, Fran\u00e7a e B\u00e9lgica. O duo \u00e9 autor de diversas primeiras grava\u00e7\u00f5es discogr\u00e1ficas mundiais, sendo de destacar os ciclos <em>Erinnerungen, op. 7<\/em> e <em>Ein Dorffest<\/em> de Jos\u00e9 Vianna da Motta que correspondem \u00e0 integral da obra para piano a quatro m\u00e3os do compositor. A fomenta\u00e7\u00e3o da cria\u00e7\u00e3o art\u00edstica contempor\u00e2nea tem sido feita atrav\u00e9s da encomenda de obras para piano a quatro m\u00e3os a compositores portugueses, tais como S\u00e9rgio Azevedo, Edward Luiz Ayres d\u2019Abreu e Carlos Marecos.<\/p>\n<hr \/>\n<p><strong>Repert\u00f3rio encomendado e dedicado ao duo<\/strong><\/p>\n<p>&#8211; <em>Bocejo em forma de sonhos, com azuis, luzes e maresia<\/em> (2016) de Edward Luiz Ayres d&#8217;Abreu<br \/>\n&#8211; <em>m\u00fasica para 4 m\u00e3os<\/em> (2018) de Carlos Marecos<br \/>\n&#8211; <em>Sonatina n.\u00ba 2<\/em> (2020) de S\u00e9rgio Azevedo<br \/>\n&#8211; <em>Tigranakert, cit\u00e9-m\u00e8re enfouie (version pour piano \u00e0 4 mains)<\/em> (2023) de Jean-Pierre Deleuze<\/p>\n<hr \/>\n<p><strong>Discografia<\/strong><\/p>\n<div id=\"attachment_1177\" style=\"width: 160px\" class=\"wp-caption alignleft\"><a href=\"https:\/\/www.joaocostaferreira.com\/?page_id=1198\"><img loading=\"lazy\" decoding=\"async\" aria-describedby=\"caption-attachment-1177\" class=\"wp-image-1177 size-thumbnail\" src=\"http:\/\/joaocostaferreira.com\/wp-content\/uploads\/2017\/08\/CD-Belthoise-1425X1425_6-150x150.jpg\" alt=\"\" width=\"150\" height=\"150\" srcset=\"https:\/\/joaocostaferreira.com\/wp-content\/uploads\/2017\/08\/CD-Belthoise-1425X1425_6-150x150.jpg 150w, https:\/\/joaocostaferreira.com\/wp-content\/uploads\/2017\/08\/CD-Belthoise-1425X1425_6-300x300.jpg 300w, https:\/\/joaocostaferreira.com\/wp-content\/uploads\/2017\/08\/CD-Belthoise-1425X1425_6.jpg 571w\" sizes=\"auto, (max-width: 150px) 100vw, 150px\" \/><\/a><p id=\"caption-attachment-1177\" class=\"wp-caption-text\">2017<\/p><\/div>\n<p><div id=\"attachment_7494\" style=\"width: 160px\" class=\"wp-caption alignleft\"><a href=\"https:\/\/www.joaocostaferreira.com\/?page_id=1198\"><img loading=\"lazy\" decoding=\"async\" aria-describedby=\"caption-attachment-7494\" class=\"wp-image-7494 size-thumbnail\" src=\"http:\/\/joaocostaferreira.com\/wp-content\/uploads\/2022\/11\/Dialogues_Dialogos_cover-150x150.jpg\" alt=\"\" width=\"150\" height=\"150\" \/><\/a><p id=\"caption-attachment-7494\" class=\"wp-caption-text\">2022<\/p><\/div><\/p>\n<!-- AddThis Advanced Settings generic via filter on the_content --><!-- AddThis Share Buttons generic via filter on the_content -->","protected":false},"excerpt":{"rendered":"<p>Desde o ano de 2016, Jo\u00e3o Costa Ferreira tem trabalhado com o pianista franc\u00eas Bruno Belthoise na interpreta\u00e7\u00e3o e cria\u00e7\u00e3o de repert\u00f3rio para piano a quatro m\u00e3os, levando-o \u00e0s salas de espect\u00e1culo de Portugal, Fran\u00e7a e B\u00e9lgica. O duo \u00e9 &hellip; <a href=\"https:\/\/www.joaocostaferreira.com\/?page_id=3084\">Continuar a ler <span class=\"meta-nav\">&rarr;<\/span><\/a><!-- AddThis Advanced Settings generic via filter on get_the_excerpt --><!-- AddThis Share Buttons generic via filter on get_the_excerpt --><\/p>\n","protected":false},"author":1,"featured_media":0,"parent":3077,"menu_order":0,"comment_status":"closed","ping_status":"closed","template":"","meta":{"footnotes":""},"class_list":["post-3084","page","type-page","status-publish","hentry"],"jetpack_sharing_enabled":true,"_links":{"self":[{"href":"https:\/\/www.joaocostaferreira.com\/index.php?rest_route=\/wp\/v2\/pages\/3084","targetHints":{"allow":["GET"]}}],"collection":[{"href":"https:\/\/www.joaocostaferreira.com\/index.php?rest_route=\/wp\/v2\/pages"}],"about":[{"href":"https:\/\/www.joaocostaferreira.com\/index.php?rest_route=\/wp\/v2\/types\/page"}],"author":[{"embeddable":true,"href":"https:\/\/www.joaocostaferreira.com\/index.php?rest_route=\/wp\/v2\/users\/1"}],"replies":[{"embeddable":true,"href":"https:\/\/www.joaocostaferreira.com\/index.php?rest_route=%2Fwp%2Fv2%2Fcomments&post=3084"}],"version-history":[{"count":20,"href":"https:\/\/www.joaocostaferreira.com\/index.php?rest_route=\/wp\/v2\/pages\/3084\/revisions"}],"predecessor-version":[{"id":8522,"href":"https:\/\/www.joaocostaferreira.com\/index.php?rest_route=\/wp\/v2\/pages\/3084\/revisions\/8522"}],"up":[{"embeddable":true,"href":"https:\/\/www.joaocostaferreira.com\/index.php?rest_route=\/wp\/v2\/pages\/3077"}],"wp:attachment":[{"href":"https:\/\/www.joaocostaferreira.com\/index.php?rest_route=%2Fwp%2Fv2%2Fmedia&parent=3084"}],"curies":[{"name":"wp","href":"https:\/\/api.w.org\/{rel}","templated":true}]}}

Piano 4 mãos

<p></p>
<p style="text-align: justify;"><img loading="lazy" decoding="async" class="alignright size-medium wp-image-2278" src="http://joaocostaferreira.com/wp-content/uploads/2021/01/IMG_4810_BWLowerDefinition-300x198.jpg" alt="" width="300" height="198" srcset="https://joaocostaferreira.com/wp-content/uploads/2021/01/IMG_4810_BWLowerDefinition-300x198.jpg 300w, https://joaocostaferreira.com/wp-content/uploads/2021/01/IMG_4810_BWLowerDefinition-1024x674.jpg 1024w, https://joaocostaferreira.com/wp-content/uploads/2021/01/IMG_4810_BWLowerDefinition-768x506.jpg 768w, https://joaocostaferreira.com/wp-content/uploads/2021/01/IMG_4810_BWLowerDefinition-1536x1011.jpg 1536w, https://joaocostaferreira.com/wp-content/uploads/2021/01/IMG_4810_BWLowerDefinition-456x300.jpg 456w, https://joaocostaferreira.com/wp-content/uploads/2021/01/IMG_4810_BWLowerDefinition-1320x869.jpg 1320w, https://joaocostaferreira.com/wp-content/uploads/2021/01/IMG_4810_BWLowerDefinition.jpg 1800w" sizes="auto, (max-width: 300px) 100vw, 300px" />Desde o ano de 2016, João Costa Ferreira tem trabalhado com o pianista francês Bruno Belthoise na interpretação e criação de repertório para piano a quatro mãos, levando-o às salas de espectáculo de Portugal, França e Bélgica. O duo é autor de diversas primeiras gravações discográficas mundiais, sendo de destacar os ciclos <em>Erinnerungen, op. 7</em> e <em>Ein Dorffest</em> de José Vianna da Motta que correspondem à integral da obra para piano a quatro mãos do compositor. A fomentação da criação artística contemporânea tem sido feita através da encomenda de obras para piano a quatro mãos a compositores portugueses, tais como Sérgio Azevedo, Edward Luiz Ayres d’Abreu e Carlos Marecos.</p>
<hr />
<p><strong>Repertório encomendado e dedicado ao duo</strong></p>
<p>&#8211; <em>Bocejo em forma de sonhos, com azuis, luzes e maresia</em> (2016) de Edward Luiz Ayres d&#8217;Abreu<br />
&#8211; <em>música para 4 mãos</em> (2018) de Carlos Marecos<br />
&#8211; <em>Sonatina n.º 2</em> (2020) de Sérgio Azevedo<br />
&#8211; <em>Tigranakert, cité-mère enfouie (version pour piano à 4 mains)</em> (2023) de Jean-Pierre Deleuze</p>
<hr />
<p><strong>Discografia</strong></p>
<div id="attachment_1177" style="width: 160px" class="wp-caption alignleft"><a href="https://www.joaocostaferreira.com/?page_id=1198"><img loading="lazy" decoding="async" aria-describedby="caption-attachment-1177" class="wp-image-1177 size-thumbnail" src="http://joaocostaferreira.com/wp-content/uploads/2017/08/CD-Belthoise-1425X1425_6-150x150.jpg" alt="" width="150" height="150" srcset="https://joaocostaferreira.com/wp-content/uploads/2017/08/CD-Belthoise-1425X1425_6-150x150.jpg 150w, https://joaocostaferreira.com/wp-content/uploads/2017/08/CD-Belthoise-1425X1425_6-300x300.jpg 300w, https://joaocostaferreira.com/wp-content/uploads/2017/08/CD-Belthoise-1425X1425_6.jpg 571w" sizes="auto, (max-width: 150px) 100vw, 150px" /></a><p id="caption-attachment-1177" class="wp-caption-text">2017</p></div>
<p><div id="attachment_7494" style="width: 160px" class="wp-caption alignleft"><a href="https://www.joaocostaferreira.com/?page_id=1198"><img loading="lazy" decoding="async" aria-describedby="caption-attachment-7494" class="wp-image-7494 size-thumbnail" src="http://joaocostaferreira.com/wp-content/uploads/2022/11/Dialogues_Dialogos_cover-150x150.jpg" alt="" width="150" height="150" /></a><p id="caption-attachment-7494" class="wp-caption-text">2022</p></div></p>
<!-- AddThis Advanced Settings generic via filter on the_content --><!-- AddThis Share Buttons generic via filter on the_content -->

<p>Desde o ano de 2016, João Costa Ferreira tem trabalhado com o pianista francês Bruno Belthoise na interpretação e criação de repertório para piano a quatro mãos, levando-o às salas de espectáculo de Portugal, França e Bélgica. O duo é &hellip; <a href="https://www.joaocostaferreira.com/?page_id=3084">Continuar a ler <span class="meta-nav">&rarr;</span></a><!-- AddThis Advanced Settings generic via filter on get_the_excerpt --><!-- AddThis Share Buttons generic via filter on get_the_excerpt --></p>
