{"id":3077,"date":"2021-12-09T00:06:09","date_gmt":"2021-12-08T23:06:09","guid":{"rendered":"https:\/\/www.joaocostaferreira.com\/?page_id=3077"},"modified":"2021-12-09T00:29:59","modified_gmt":"2021-12-08T23:29:59","slug":"projectos","status":"publish","type":"page","link":"https:\/\/www.joaocostaferreira.com\/?page_id=3077","title":{"rendered":"Projectos"},"content":{"rendered":"<p><\/p>\n<ul>\n<li><a href=\"https:\/\/www.joaocostaferreira.com\/?page_id=3074\">Jos\u00e9 Vianna da Motta<\/a><\/li>\n<li><a href=\"https:\/\/www.joaocostaferreira.com\/?page_id=3092\">Recital em d\u00f3 sustenido menor<\/a><\/li>\n<li><a href=\"https:\/\/www.joaocostaferreira.com\/?page_id=3084\">Piano 4 m\u00e3os<\/a><\/li>\n<\/ul>\n<p><\/p>\n<!-- AddThis Advanced Settings generic via filter on the_content --><!-- AddThis Share Buttons generic via filter on the_content -->","protected":false},"excerpt":{"rendered":"<p>Jos\u00e9 Vianna da Motta Recital em d\u00f3 sustenido menor Piano 4 m\u00e3os<!-- AddThis Advanced Settings generic via filter on get_the_excerpt --><!-- AddThis Share Buttons generic via filter on get_the_excerpt --><\/p>\n","protected":false},"author":1,"featured_media":0,"parent":0,"menu_order":0,"comment_status":"closed","ping_status":"closed","template":"","meta":{"footnotes":""},"class_list":["post-3077","page","type-page","status-publish","hentry"],"jetpack_sharing_enabled":true,"_links":{"self":[{"href":"https:\/\/www.joaocostaferreira.com\/index.php?rest_route=\/wp\/v2\/pages\/3077","targetHints":{"allow":["GET"]}}],"collection":[{"href":"https:\/\/www.joaocostaferreira.com\/index.php?rest_route=\/wp\/v2\/pages"}],"about":[{"href":"https:\/\/www.joaocostaferreira.com\/index.php?rest_route=\/wp\/v2\/types\/page"}],"author":[{"embeddable":true,"href":"https:\/\/www.joaocostaferreira.com\/index.php?rest_route=\/wp\/v2\/users\/1"}],"replies":[{"embeddable":true,"href":"https:\/\/www.joaocostaferreira.com\/index.php?rest_route=%2Fwp%2Fv2%2Fcomments&post=3077"}],"version-history":[{"count":3,"href":"https:\/\/www.joaocostaferreira.com\/index.php?rest_route=\/wp\/v2\/pages\/3077\/revisions"}],"predecessor-version":[{"id":3095,"href":"https:\/\/www.joaocostaferreira.com\/index.php?rest_route=\/wp\/v2\/pages\/3077\/revisions\/3095"}],"wp:attachment":[{"href":"https:\/\/www.joaocostaferreira.com\/index.php?rest_route=%2Fwp%2Fv2%2Fmedia&parent=3077"}],"curies":[{"name":"wp","href":"https:\/\/api.w.org\/{rel}","templated":true}]}}

<p></p>
<ul>
<li><a href="https://www.joaocostaferreira.com/?page_id=3074">José Vianna da Motta</a></li>
<li><a href="https://www.joaocostaferreira.com/?page_id=3092">Recital em dó sustenido menor</a></li>
<li><a href="https://www.joaocostaferreira.com/?page_id=3084">Piano 4 mãos</a></li>
</ul>
<p></p>
<!-- AddThis Advanced Settings generic via filter on the_content --><!-- AddThis Share Buttons generic via filter on the_content -->

<p>José Vianna da Motta Recital em dó sustenido menor Piano 4 mãos<!-- AddThis Advanced Settings generic via filter on get_the_excerpt --><!-- AddThis Share Buttons generic via filter on get_the_excerpt --></p>
