{"id":1144,"date":"2017-05-25T00:50:43","date_gmt":"2017-05-24T22:50:43","guid":{"rendered":"http:\/\/www.joaocostaferreira.com\/?page_id=1144"},"modified":"2020-10-27T17:36:39","modified_gmt":"2020-10-27T16:36:39","slug":"radio","status":"publish","type":"page","link":"https:\/\/www.joaocostaferreira.com\/?page_id=1144","title":{"rendered":"R\u00e1dio"},"content":{"rendered":"<p>Esta\u00e7\u00e3o de r\u00e1dio: R\u00e1dio Alfa<br \/>\nEntrevistador: Artur Silva<br \/>\nPrograma de r\u00e1dio: Passagem de n\u00edvel<br \/>\nData da transmiss\u00e3o em direto: 25 de Outubro de 2020<\/p>\n<p><audio controls=\"controls\"><source src=\"https:\/\/joaocostaferreira.com\/files\/audio\/2020_10_25RadioAlfa.mp3\" type=\"audio\/mp3\" \/>Your browser does not support the audio tag.<\/audio><\/p>\n<hr \/>\n<p>Esta\u00e7\u00e3o de r\u00e1dio: Antena 2<br \/>\nEntrevistador: Paulo Alves Guerra<br \/>\nPrograma de r\u00e1dio: Imp\u00e9rio dos Sentidos (extractos)<br \/>\nData da transmiss\u00e3o: 9 de Outubro de 2020<\/p>\n<p><audio controls=\"controls\"><source src=\"https:\/\/joaocostaferreira.com\/files\/audio\/2020_10_09ImperiodosSentidosAntena2.mp3\" type=\"audio\/mp3\" \/>Your browser does not support the audio tag.<\/audio><\/p>\n<hr \/>\n<p>Esta\u00e7\u00e3o de r\u00e1dio: R\u00e1dio Alfa<br \/>\nEntrevistador: Artur Silva<br \/>\nPrograma de r\u00e1dio: Passagem de n\u00edvel<br \/>\nData da transmiss\u00e3o em direto: 4 de Mar\u00e7o de 2018<\/p>\n<p><audio controls=\"controls\"><source src=\"https:\/\/joaocostaferreira.com\/files\/audio\/2018_03_04RadioAlfa.mp3\" type=\"audio\/mp3\" \/>Your browser does not support the audio tag.<\/audio><\/p>\n<hr \/>\n<p>Esta\u00e7\u00e3o de r\u00e1dio: RDP Antena 2<br \/>\nEntrevistador: Paulo Alves Guerra<br \/>\nPrograma de r\u00e1dio: Imp\u00e9rio dos Sentidos<br \/>\nData da transmiss\u00e3o: 14 de Fevereiro de 2018<\/p>\n<p><audio controls=\"controls\"><source src=\"https:\/\/joaocostaferreira.com\/files\/audio\/2018_02_14ImperiodosSentidosAntena2.mp3\" type=\"audio\/mp3\" \/>Your browser does not support the audio tag.<\/audio><\/p>\n<hr \/>\n<p>Esta\u00e7\u00e3o de r\u00e1dio: Radio Alma<br \/>\nEntrevistadora: L\u00eddia Martins<br \/>\nPrograma de r\u00e1dio: Ser portugu\u00eas aqui<br \/>\nData da transmiss\u00e3o: 4 e 5 de Fevereiro de 2017<\/p>\n<p><audio class=\"wp-audio-shortcode\" id=\"audio-1144-1\" preload=\"none\" style=\"width: 100%;\" controls=\"controls\"><source type=\"audio\/mpeg\" src=\"https:\/\/www.ivoox.com\/ser-portugues-aqui-jo-o-costa-ferreira_md_18883715_wp_1.mp3?_=1\" \/><a href=\"https:\/\/www.ivoox.com\/ser-portugues-aqui-jo-o-costa-ferreira_md_18883715_wp_1.mp3\">https:\/\/www.ivoox.com\/ser-portugues-aqui-jo-o-costa-ferreira_md_18883715_wp_1.mp3<\/a><\/audio><\/p>\n<!-- AddThis Advanced Settings generic via filter on the_content --><!-- AddThis Share Buttons generic via filter on the_content -->","protected":false},"excerpt":{"rendered":"<p>Esta\u00e7\u00e3o de r\u00e1dio: R\u00e1dio Alfa Entrevistador: Artur Silva Programa de r\u00e1dio: Passagem de n\u00edvel Data da transmiss\u00e3o em direto: 25 de Outubro de 2020 Your browser does not support the audio tag. Esta\u00e7\u00e3o de r\u00e1dio: Antena 2 Entrevistador: Paulo Alves &hellip; <a href=\"https:\/\/www.joaocostaferreira.com\/?page_id=1144\">Continuar a ler <span class=\"meta-nav\">&rarr;<\/span><\/a><!-- AddThis Advanced Settings generic via filter on get_the_excerpt --><!-- AddThis Share Buttons generic via filter on get_the_excerpt --><\/p>\n","protected":false},"author":1,"featured_media":0,"parent":630,"menu_order":0,"comment_status":"closed","ping_status":"closed","template":"","meta":{"footnotes":""},"class_list":["post-1144","page","type-page","status-publish","hentry"],"jetpack_sharing_enabled":true,"_links":{"self":[{"href":"https:\/\/www.joaocostaferreira.com\/index.php?rest_route=\/wp\/v2\/pages\/1144","targetHints":{"allow":["GET"]}}],"collection":[{"href":"https:\/\/www.joaocostaferreira.com\/index.php?rest_route=\/wp\/v2\/pages"}],"about":[{"href":"https:\/\/www.joaocostaferreira.com\/index.php?rest_route=\/wp\/v2\/types\/page"}],"author":[{"embeddable":true,"href":"https:\/\/www.joaocostaferreira.com\/index.php?rest_route=\/wp\/v2\/users\/1"}],"replies":[{"embeddable":true,"href":"https:\/\/www.joaocostaferreira.com\/index.php?rest_route=%2Fwp%2Fv2%2Fcomments&post=1144"}],"version-history":[{"count":10,"href":"https:\/\/www.joaocostaferreira.com\/index.php?rest_route=\/wp\/v2\/pages\/1144\/revisions"}],"predecessor-version":[{"id":2118,"href":"https:\/\/www.joaocostaferreira.com\/index.php?rest_route=\/wp\/v2\/pages\/1144\/revisions\/2118"}],"up":[{"embeddable":true,"href":"https:\/\/www.joaocostaferreira.com\/index.php?rest_route=\/wp\/v2\/pages\/630"}],"wp:attachment":[{"href":"https:\/\/www.joaocostaferreira.com\/index.php?rest_route=%2Fwp%2Fv2%2Fmedia&parent=1144"}],"curies":[{"name":"wp","href":"https:\/\/api.w.org\/{rel}","templated":true}]}}

Rádio

<p>Estação de rádio: Rádio Alfa<br />
Entrevistador: Artur Silva<br />
Programa de rádio: Passagem de nível<br />
Data da transmissão em direto: 25 de Outubro de 2020</p>
<p><audio controls="controls"><source src="https://joaocostaferreira.com/files/audio/2020_10_25RadioAlfa.mp3" type="audio/mp3" />Your browser does not support the audio tag.</audio></p>
<hr />
<p>Estação de rádio: Antena 2<br />
Entrevistador: Paulo Alves Guerra<br />
Programa de rádio: Império dos Sentidos (extractos)<br />
Data da transmissão: 9 de Outubro de 2020</p>
<p><audio controls="controls"><source src="https://joaocostaferreira.com/files/audio/2020_10_09ImperiodosSentidosAntena2.mp3" type="audio/mp3" />Your browser does not support the audio tag.</audio></p>
<hr />
<p>Estação de rádio: Rádio Alfa<br />
Entrevistador: Artur Silva<br />
Programa de rádio: Passagem de nível<br />
Data da transmissão em direto: 4 de Março de 2018</p>
<p><audio controls="controls"><source src="https://joaocostaferreira.com/files/audio/2018_03_04RadioAlfa.mp3" type="audio/mp3" />Your browser does not support the audio tag.</audio></p>
<hr />
<p>Estação de rádio: RDP Antena 2<br />
Entrevistador: Paulo Alves Guerra<br />
Programa de rádio: Império dos Sentidos<br />
Data da transmissão: 14 de Fevereiro de 2018</p>
<p><audio controls="controls"><source src="https://joaocostaferreira.com/files/audio/2018_02_14ImperiodosSentidosAntena2.mp3" type="audio/mp3" />Your browser does not support the audio tag.</audio></p>
<hr />
<p>Estação de rádio: Radio Alma<br />
Entrevistadora: Lídia Martins<br />
Programa de rádio: Ser português aqui<br />
Data da transmissão: 4 e 5 de Fevereiro de 2017</p>
<p><audio class="wp-audio-shortcode" id="audio-1144-1" preload="none" style="width: 100%;" controls="controls"><source type="audio/mpeg" src="https://www.ivoox.com/ser-portugues-aqui-jo-o-costa-ferreira_md_18883715_wp_1.mp3?_=1" /><a href="https://www.ivoox.com/ser-portugues-aqui-jo-o-costa-ferreira_md_18883715_wp_1.mp3">https://www.ivoox.com/ser-portugues-aqui-jo-o-costa-ferreira_md_18883715_wp_1.mp3</a></audio></p>
<!-- AddThis Advanced Settings generic via filter on the_content --><!-- AddThis Share Buttons generic via filter on the_content -->

<p>Estação de rádio: Rádio Alfa Entrevistador: Artur Silva Programa de rádio: Passagem de nível Data da transmissão em direto: 25 de Outubro de 2020 Your browser does not support the audio tag. Estação de rádio: Antena 2 Entrevistador: Paulo Alves &hellip; <a href="https://www.joaocostaferreira.com/?page_id=1144">Continuar a ler <span class="meta-nav">&rarr;</span></a><!-- AddThis Advanced Settings generic via filter on get_the_excerpt --><!-- AddThis Share Buttons generic via filter on get_the_excerpt --></p>
